f ((-22)/(-4))/(17/204)?
6
Let u(g) = -3*g**2 - 3*g - 29. Let i(k) = k**2 + k + 10. Let m(n) = -17*i(n) - 6*u(n). What is the units digit of m(-3)?
0
Suppose -5*s + 3*s = -12. Let b(q) = q**2 - 4*q + 1. Let g(u) = -2*u**2 + 8*u - 2. Let k(v) = s*g(v) + 13*b(v). What is the units digit of k(5)?
6
Let g(b) = b**3 - 17*b**2 + b + 18. What is the units digit of g(17)?
5
Suppose 0 = 2*u - 5*w - 1, -4*w + 5 = 2*u - 5. Suppose -j + u*j = 24. Let d = j - 5. What is the units digit of d?
7
Let z(u) = -u**3 + 5*u**2 + u + 3. Let t be z(5). Let f(b) be the third derivative of b**5/60 - 7*b**4/24 + 2*b**2. What is the units digit of f(t)?
8
Let r = 1 - 1. Let p be 24/9*3 + r. Let s = 2 + p. What is the tens digit of s?
1
Suppose -3*t = -42 - 9. Suppose 0 = p + t + 3. Let h = 29 + p. What is the units digit of h?
9
Let o(g) = -6*g - 14. Let m(d) = -d - 1. Let r(f) = 5*m(f) - o(f). Let w be r(-5). Suppose -j + 1 = -w. What is the units digit of j?
5
Suppose -26 = -2*l + 110. Suppose -3*s - 100 = -4*g, -5*s = 3*g + g - l. What is the units digit of g?
2
Let j(a) = 5*a**3 + 2*a**2 - 2*a + 1. Let i be j(1). Let s(h) = h**2 - 6*h + 2. Let v be s(i). Suppose 0 = -2*n - 0*n + v. What is the units digit of n?
1
Let i(m) = -m**3 + 7*m**2 + 4*m - 3. Let a be i(7). Let x = 84 - a. What is the tens digit of x?
5
What is the units digit of (5 - 7)*(-2)/(-4) - -68?
7
What is the units digit of (5/2)/(10/100)?
5
Let k(o) = 3*o**2 + 4*o + 1. Let p(v) = v**3 - 6*v**2 - 3. Let m be p(6). What is the tens digit of k(m)?
1
Let k(f) be the second derivative of f**5/20 + 2*f**4/3 + 4*f**3/3 + 4*f**2 - 2*f. What is the units digit of k(-7)?
1
Let m be (-38)/(-10) + (-3)/(-15). Let p = m + -7. Let s = p + 6. What is the units digit of s?
3
Let t be 4 - (1 + (0 - 2)). Let j = -6 + t. What is the units digit of 5 + (-1 - (-1 + j))?
6
Let m(f) = -f**2 - 5*f + 1. Let z be m(-3). What is the tens digit of -4*(0 + z/(-2))?
1
Let f(m) = 2*m - 10. Let r be f(8). Suppose r*u = u + 20. Suppose -3*o = -u*a + 47, -a - 2*o - o + 8 = 0. What is the tens digit of a?
1
What is the units digit of (-1)/3*8*-6?
6
Let z = -2 - -2. Suppose -33 = -4*x + 3*b, -5*b + 39 = 5*x - 11. Suppose z*w + w = x. What is the units digit of w?
9
Let b be (6/2 - -2) + -1. Suppose 10 + 5 = r. Suppose -r = -b*l - l. What is the units digit of l?
3
Let i = 95 - 64. What is the units digit of i?
1
Suppose 138 = -4*u - 6. Let r = u - -59. What is the units digit of r?
3
Suppose -x = 4*x - 15. Suppose -p = x*p, k = p + 2. Let z = -1 + k. What is the units digit of z?
1
Let l(c) = 4*c**3 + 3*c**3 - 2*c**3 - 8*c - 4*c**3 - 8*c**2 + 4. What is the units digit of l(9)?
3
Let f = -80 + 113. Let m = f - 16. What is the tens digit of m?
1
Suppose -5*g = 9*g - 1946. What is the units digit of g?
9
Let h(r) = 11*r + 6. What is the tens digit of h(3)?
3
Suppose 470 + 74 = 4*v. What is the hundreds digit of v?
1
Let t = -50 + 83. What is the units digit of t?
3
Let x = 49 - 23. Suppose 0 = 3*m - x - 10. What is the units digit of m?
2
Let z = 68 - -212. What is the units digit of z?
0
Suppose -3*n + 2*w + 127 = 0, -2*n = 3*n + 5*w - 170. What is the tens digit of n?
3
What is the tens digit of (46/8)/(21/168)?
4
What is the tens digit of (-2)/(-3) - (-665)/15?
4
Let p = 4 - -63. What is the units digit of p?
7
Suppose 4*d = 13 - 1. Let w be 15/1 - 3/d. Let y = 23 - w. What is the units digit of y?
9
Let i(t) = -10*t + 7. Let k(z) = -9*z + 6. Let n(o) = -4*i(o) + 5*k(o). What is the tens digit of n(-6)?
3
Suppose -3*q + 393 = 3*g, 7*g - 397 = -3*q + 2*g. What is the hundreds digit of q?
1
Let i be ((-10)/(-8))/((-3)/(-12)). Suppose 4*k + 0*k - 76 = 0. Suppose -r - 3*a + k = -7, 76 = i*r - 3*a. What is the tens digit of r?
1
Let r(p) = -p**3 - 3*p**2 - 3*p + 5. Let m be r(-4). Suppose 0 = -z - 5*h + 40, -3*z - 2*h + m = -22. Suppose 0 = 2*w + 3*w - z. What is the units digit of w?
3
Let v = -148 + 390. What is the tens digit of v?
4
Let n = 2 - 0. Let x(u) = 3*u**2 - 6*u - 5 - 4*u**n + 10. What is the units digit of x(-6)?
5
Let v(y) = y**3 - y**2 + y + 29. What is the units digit of v(0)?
9
Let y(i) = -24*i + 2. What is the tens digit of y(-9)?
1
Suppose -5*l = 7*l - 648. What is the units digit of l?
4
Let h = -70 - -146. What is the tens digit of h?
7
Let f(u) = -u**3 - 13*u**2 - 13*u - 10. Let w be f(-12). Suppose 28 = -0*t + w*t + 2*g, -4*t + 70 = -3*g. What is the units digit of t?
6
Suppose 3*r = 15, -4*a + 2 = -4*r - 2. Let t = -5 + a. Let x = 8 - t. What is the units digit of x?
7
What is the tens digit of 140/(-21)*(-63)/12?
3
Suppose 0 - 44 = -4*m. Let b(r) = -r**3 + 10*r**2 + 10*r + 11. Let d be b(m). Let v = 11 - d. What is the tens digit of v?
1
Let w = 6 - 6. Suppose -4*h + 41 + 15 = w. What is the tens digit of h?
1
Suppose 0 = 2*l - 3*m - m - 168, -5*l - 5*m + 375 = 0. What is the units digit of l?
8
Suppose -4*c - 4*q = -25 - 3, 2*c + q = 12. Suppose -c*o - 7 = -2*h, h - 1 = o + 4. What is the units digit of h?
6
Suppose 4*v = -3*d + 19 + 5, 20 = 5*d. Suppose 0 = -z - 4*b - 8 - v, 4*b + 16 = 0. Suppose -1 = t - z. What is the units digit of t?
4
Let t(y) = y**3 + y**2 + y + 38. Suppose 6*a - 7*a = 0. What is the units digit of t(a)?
8
Let h = -32 + 19. Let p = 50 + h. What is the tens digit of p?
3
Suppose -d - 3 + 12 = 0. What is the units digit of d?
9
Let i(b) = -b**3 - 9*b**2 - 5. What is the units digit of i(-10)?
5
What is the tens digit of -47*(-2 + 3 + -2)?
4
Let b be 4/(4/3) - -1. Suppose b = 3*p + 1. What is the units digit of -2 + (p + 8)/1?
7
Let u = 18 - 13. Suppose 31 = 2*j + u*x, 2*x = j - 0 - 2. What is the units digit of j?
8
Suppose 0 = -j - j + 10. Let z = -6 - j. Let o = -3 - z. What is the units digit of o?
8
Suppose x + 17 = -o - 4*x, -4*x - 7 = 3*o. Suppose 33 = 3*i + o*c, 2*i + 3*i + 4*c - 59 = 0. What is the units digit of i?
5
Suppose 0 = 5*c - 3*j - 628, -2*c = 4*j - 3*j - 249. What is the tens digit of c?
2
Let a(t) = -t**2 - 1. Let i(d) = -d**2 + 5*d - 5. Let j(o) = 2*a(o) - i(o). Let c be j(-5). Suppose c*g = -2*g + 70. What is the units digit of g?
4
Let a = -6 - -9. Suppose -a*g + 7*n + 5 = 2*n, 5*n = 4*g - 10. What is the units digit of g?
5
Suppose 0 = -f + 6*f + 25, 0 = i - f - 7. Let q(r) = -r - 4. Let c be q(-7). Suppose -y + c = -3*v + 17, 0 = -i*v + 3*y + 7. What is the units digit of v?
5
Suppose 0 = 2*i + 11 + 17. Let b = i - -9. Let h(k) = -k**3 - 5*k**2 + k + 7. What is the units digit of h(b)?
2
Suppose -3*x + 2*q = -15, -3*q + 2 = -x + 14. Suppose x*v = -v + 120. What is the units digit of v?
0
What is the units digit of (-3 + 5)*(-110)/(-4)?
5
Suppose -4 + 8 = -t. Let q be (t + 1)/((-1)/3). Suppose q = 5*p - 1. What is the units digit of p?
2
Let f(m) be the first derivative of m**3/3 + m**2/2 + m - 1. What is the units digit of f(-1)?
1
What is the units digit of -6*-2*98/8?
7
Let b = -2 - -5. Suppose -b*u = 2*u - 55. What is the tens digit of u?
1
Suppose 5*t - 2*z = -4*z + 68, -4*t + 2*z = -58. Let a = t - 9. Suppose a*q - 15 = -5*j + 40, -2*q + 10 = 0. What is the units digit of j?
6
Let f(h) = 3*h + 18. Let m(w) = -8*w - 54. Let n(j) = 14*f(j) + 5*m(j). What is the units digit of n(13)?
8
Let n(p) = p**3 + 4*p**2 - 6*p - 3. Let h be n(-5). Suppose 5*b + 6 = 2*y, -h*y - 6*b + 4*b + 20 = 0. What is the units digit of y?
8
Let z(r) = 1 + 2*r**2 - 6*r + 0 + 3*r. Let l be z(2). Suppose 0 = 5*f - 2*t + l*t - 80, -5*f - 3*t = -90. What is the tens digit of f?
1
Suppose -13*x + 812 = -9*x. What is the hundreds digit of x?
2
Suppose -5*t = -2*t - 15. Suppose 0 = d + a - 8, -d - 3 + 5 = -t*a. Suppose -p + d = -3. What is the units digit of p?
0
What is the units digit of ((-61)/3)/((-2)/6)?
1
Let a = 42 + 211. What is the tens digit of a?
5
Let h(b) = 2*b + 1. Let m be h(1). Suppose u - z - 8 = 0, u - m - 5 = -3*z. What is the units digit of u?
8
Suppose -3*f - 96 = -2*g, f + 182 = 3*g + 6*f. What is the tens digit of g?
5
Let d(w) = -4*w - 15. What is the tens digit of d(-7)?
1
What is the units digit of (7/((-28)/204))/(-1)?
1
Let p(j) = -j + 6. Let t be p(4). Suppose -5*b = t*i - 35, -2*i - b = -7*i + 74. What is the tens digit of i?
1
Let s(o) = 0*o - o**2 + 0*o**2 + 2 + o + 5*o. What is the units digit of s(5)?
7
Suppose 0 = -n - 0*n + 3. Suppose 0 = -n*m - 0*m + 57.